{"id":321,"date":"2023-03-09T12:20:59","date_gmt":"2023-03-09T12:20:59","guid":{"rendered":"https:\/\/xn--felixboitz-entrmpelung-6lc.de\/?page_id=321"},"modified":"2023-03-30T19:37:02","modified_gmt":"2023-03-30T19:37:02","slug":"cookies","status":"publish","type":"page","link":"https:\/\/xn--felixboitz-entrmpelung-6lc.de\/?page_id=321","title":{"rendered":"Cookies"},"content":{"rendered":"\t\t<div data-elementor-type=\"wp-page\" data-elementor-id=\"321\" class=\"elementor elementor-321\" data-elementor-post-type=\"page\">\n\t\t\t\t\t\t<section class=\"elementor-section elementor-top-section elementor-element elementor-element-147b52a elementor-section-full_width elementor-hidden-mobile elementor-section-height-default elementor-section-height-default\" data-id=\"147b52a\" data-element_type=\"section\" data-e-type=\"section\" data-settings=\"{&quot;background_background&quot;:&quot;classic&quot;}\">\n\t\t\t\t\t\t<div class=\"elementor-container elementor-column-gap-default\">\n\t\t\t\t\t<div class=\"elementor-column elementor-col-100 elementor-top-column elementor-element elementor-element-7c1fe77\" data-id=\"7c1fe77\" data-element_type=\"column\" data-e-type=\"column\">\n\t\t\t<div class=\"elementor-widget-wrap elementor-element-populated\">\n\t\t\t\t\t\t<section class=\"elementor-section elementor-inner-section elementor-element elementor-element-df81b55 elementor-section-boxed elementor-section-height-default elementor-section-height-default\" data-id=\"df81b55\" data-element_type=\"section\" data-e-type=\"section\">\n\t\t\t\t\t\t<div class=\"elementor-container elementor-column-gap-default\">\n\t\t\t\t\t<div class=\"elementor-column elementor-col-50 elementor-inner-column elementor-element elementor-element-0bc84ca\" data-id=\"0bc84ca\" data-element_type=\"column\" data-e-type=\"column\">\n\t\t\t<div class=\"elementor-widget-wrap elementor-element-populated\">\n\t\t\t\t\t\t<div class=\"elementor-element elementor-element-cc364e6 elementor-widget elementor-widget-image\" data-id=\"cc364e6\" data-element_type=\"widget\" data-e-type=\"widget\" data-widget_type=\"image.default\">\n\t\t\t\t<div class=\"elementor-widget-container\">\n\t\t\t\t\t\t\t\t\t\t\t\t\t\t\t\t<a href=\"https:\/\/xn--felixboitz-entrmpelung-6lc.de\/\">\n\t\t\t\t\t\t\t<img decoding=\"async\" width=\"150\" height=\"150\" src=\"https:\/\/xn--felixboitz-entrmpelung-6lc.de\/wp-content\/uploads\/2023\/03\/LOGO-ffffff-150x150.png\" class=\"attachment-thumbnail size-thumbnail wp-image-212\" alt=\"\" srcset=\"https:\/\/xn--felixboitz-entrmpelung-6lc.de\/wp-content\/uploads\/2023\/03\/LOGO-ffffff-150x150.png 150w, https:\/\/xn--felixboitz-entrmpelung-6lc.de\/wp-content\/uploads\/2023\/03\/LOGO-ffffff-300x300.png 300w, https:\/\/xn--felixboitz-entrmpelung-6lc.de\/wp-content\/uploads\/2023\/03\/elementor\/thumbs\/LOGO-ffffff-q393ts6vmwota3zpueck4k88m3wzufput4k22qconk.png 200w, https:\/\/xn--felixboitz-entrmpelung-6lc.de\/wp-content\/uploads\/2023\/03\/elementor\/thumbs\/LOGO-ffffff-q393ts6tkcqvji4dc8vkj870umr84g94t2r9mcjelo.png 30w, https:\/\/xn--felixboitz-entrmpelung-6lc.de\/wp-content\/uploads\/2023\/03\/elementor\/thumbs\/LOGO-ffffff-q393ts6tt4i5v3r4811syfyp23ljusw9zfoaummulw.png 50w, https:\/\/xn--felixboitz-entrmpelung-6lc.de\/wp-content\/uploads\/2023\/03\/LOGO-ffffff.png 500w\" sizes=\"(max-width: 150px) 100vw, 150px\" \/>\t\t\t\t\t\t\t\t<\/a>\n\t\t\t\t\t\t\t\t\t\t\t\t\t\t\t<\/div>\n\t\t\t\t<\/div>\n\t\t\t\t\t<\/div>\n\t\t<\/div>\n\t\t\t\t<div class=\"elementor-column elementor-col-50 elementor-inner-column elementor-element elementor-element-d462185\" data-id=\"d462185\" data-element_type=\"column\" data-e-type=\"column\">\n\t\t\t<div class=\"elementor-widget-wrap elementor-element-populated\">\n\t\t\t\t\t\t<div class=\"elementor-element elementor-element-3260e39 elementor-icon-list--layout-inline elementor-hidden-tablet elementor-hidden-mobile elementor-list-item-link-full_width elementor-widget elementor-widget-icon-list\" data-id=\"3260e39\" data-element_type=\"widget\" data-e-type=\"widget\" data-widget_type=\"icon-list.default\">\n\t\t\t\t<div class=\"elementor-widget-container\">\n\t\t\t\t\t\t\t<ul class=\"elementor-icon-list-items elementor-inline-items\">\n\t\t\t\t\t\t\t<li class=\"elementor-icon-list-item elementor-inline-item\">\n\t\t\t\t\t\t\t\t\t\t\t<span class=\"elementor-icon-list-icon\">\n\t\t\t\t\t\t\t<i aria-hidden=\"true\" class=\"fas fa-phone\"><\/i>\t\t\t\t\t\t<\/span>\n\t\t\t\t\t\t\t\t\t\t<span class=\"elementor-icon-list-text\">+49 1578 2323766<\/span>\n\t\t\t\t\t\t\t\t\t<\/li>\n\t\t\t\t\t\t\t\t<li class=\"elementor-icon-list-item elementor-inline-item\">\n\t\t\t\t\t\t\t\t\t\t\t<span class=\"elementor-icon-list-icon\">\n\t\t\t\t\t\t\t<i aria-hidden=\"true\" class=\"fas fa-envelope\"><\/i>\t\t\t\t\t\t<\/span>\n\t\t\t\t\t\t\t\t\t\t<span class=\"elementor-icon-list-text\">info@felixboitz-entr\u00fcmpelung.de<\/span>\n\t\t\t\t\t\t\t\t\t<\/li>\n\t\t\t\t\t\t\t\t<li class=\"elementor-icon-list-item elementor-inline-item\">\n\t\t\t\t\t\t\t\t\t\t\t<span class=\"elementor-icon-list-icon\">\n\t\t\t\t\t\t\t<i aria-hidden=\"true\" class=\"fas fa-map-marker-alt\"><\/i>\t\t\t\t\t\t<\/span>\n\t\t\t\t\t\t\t\t\t\t<span class=\"elementor-icon-list-text\">52399 D\u00fcren<\/span>\n\t\t\t\t\t\t\t\t\t<\/li>\n\t\t\t\t\t\t<\/ul>\n\t\t\t\t\t\t<\/div>\n\t\t\t\t<\/div>\n\t\t\t\t\t<\/div>\n\t\t<\/div>\n\t\t\t\t\t<\/div>\n\t\t<\/section>\n\t\t\t\t\t<\/div>\n\t\t<\/div>\n\t\t\t\t\t<\/div>\n\t\t<\/section>\n\t\t\t\t<section class=\"elementor-section elementor-top-section elementor-element elementor-element-2fd37c2e elementor-hidden-desktop elementor-section-boxed elementor-section-height-default elementor-section-height-default\" data-id=\"2fd37c2e\" data-element_type=\"section\" data-e-type=\"section\" data-settings=\"{&quot;background_background&quot;:&quot;classic&quot;}\">\n\t\t\t\t\t\t<div class=\"elementor-container elementor-column-gap-default\">\n\t\t\t\t\t<div class=\"elementor-column elementor-col-100 elementor-top-column elementor-element elementor-element-261eaba3\" data-id=\"261eaba3\" data-element_type=\"column\" data-e-type=\"column\">\n\t\t\t<div class=\"elementor-widget-wrap elementor-element-populated\">\n\t\t\t\t\t\t<div class=\"elementor-element elementor-element-77d6c434 elementor-widget elementor-widget-image\" data-id=\"77d6c434\" data-element_type=\"widget\" data-e-type=\"widget\" data-widget_type=\"image.default\">\n\t\t\t\t<div class=\"elementor-widget-container\">\n\t\t\t\t\t\t\t\t\t\t\t\t\t\t\t\t<a href=\"https:\/\/xn--felixboitz-entrmpelung-6lc.de\/\">\n\t\t\t\t\t\t\t<img decoding=\"async\" width=\"150\" height=\"150\" src=\"https:\/\/xn--felixboitz-entrmpelung-6lc.de\/wp-content\/uploads\/2023\/03\/LOGO-ffffff-150x150.png\" class=\"attachment-thumbnail size-thumbnail wp-image-212\" alt=\"\" srcset=\"https:\/\/xn--felixboitz-entrmpelung-6lc.de\/wp-content\/uploads\/2023\/03\/LOGO-ffffff-150x150.png 150w, https:\/\/xn--felixboitz-entrmpelung-6lc.de\/wp-content\/uploads\/2023\/03\/LOGO-ffffff-300x300.png 300w, https:\/\/xn--felixboitz-entrmpelung-6lc.de\/wp-content\/uploads\/2023\/03\/elementor\/thumbs\/LOGO-ffffff-q393ts6vmwota3zpueck4k88m3wzufput4k22qconk.png 200w, https:\/\/xn--felixboitz-entrmpelung-6lc.de\/wp-content\/uploads\/2023\/03\/elementor\/thumbs\/LOGO-ffffff-q393ts6tkcqvji4dc8vkj870umr84g94t2r9mcjelo.png 30w, https:\/\/xn--felixboitz-entrmpelung-6lc.de\/wp-content\/uploads\/2023\/03\/elementor\/thumbs\/LOGO-ffffff-q393ts6tt4i5v3r4811syfyp23ljusw9zfoaummulw.png 50w, https:\/\/xn--felixboitz-entrmpelung-6lc.de\/wp-content\/uploads\/2023\/03\/LOGO-ffffff.png 500w\" sizes=\"(max-width: 150px) 100vw, 150px\" \/>\t\t\t\t\t\t\t\t<\/a>\n\t\t\t\t\t\t\t\t\t\t\t\t\t\t\t<\/div>\n\t\t\t\t<\/div>\n\t\t\t\t\t<\/div>\n\t\t<\/div>\n\t\t\t\t\t<\/div>\n\t\t<\/section>\n\t\t\t\t<section class=\"elementor-section elementor-top-section elementor-element elementor-element-f805d4f elementor-section-full_width elementor-section-height-min-height elementor-section-height-default elementor-section-items-middle\" data-id=\"f805d4f\" data-element_type=\"section\" data-e-type=\"section\" data-settings=\"{&quot;background_background&quot;:&quot;classic&quot;}\">\n\t\t\t\t\t\t\t<div class=\"elementor-background-overlay\"><\/div>\n\t\t\t\t\t\t\t<div class=\"elementor-container elementor-column-gap-default\">\n\t\t\t\t\t<div class=\"elementor-column elementor-col-100 elementor-top-column elementor-element elementor-element-cc5501a\" data-id=\"cc5501a\" data-element_type=\"column\" data-e-type=\"column\">\n\t\t\t<div class=\"elementor-widget-wrap elementor-element-populated\">\n\t\t\t\t\t\t<section class=\"elementor-section elementor-inner-section elementor-element elementor-element-24045d6 elementor-section-boxed elementor-section-height-default elementor-section-height-default\" data-id=\"24045d6\" data-element_type=\"section\" data-e-type=\"section\">\n\t\t\t\t\t\t<div class=\"elementor-container elementor-column-gap-default\">\n\t\t\t\t\t<div class=\"elementor-column elementor-col-100 elementor-inner-column elementor-element elementor-element-d781437\" data-id=\"d781437\" data-element_type=\"column\" data-e-type=\"column\">\n\t\t\t<div class=\"elementor-widget-wrap elementor-element-populated\">\n\t\t\t\t\t\t<div class=\"elementor-element elementor-element-bc60aee elementor-invisible elementor-widget elementor-widget-heading\" data-id=\"bc60aee\" data-element_type=\"widget\" data-e-type=\"widget\" data-settings=\"{&quot;_animation&quot;:&quot;fadeInLeft&quot;}\" data-widget_type=\"heading.default\">\n\t\t\t\t<div class=\"elementor-widget-container\">\n\t\t\t\t\t<h1 class=\"elementor-heading-title elementor-size-large\">Cookies<\/h1>\t\t\t\t<\/div>\n\t\t\t\t<\/div>\n\t\t\t\t\t<\/div>\n\t\t<\/div>\n\t\t\t\t\t<\/div>\n\t\t<\/section>\n\t\t\t\t<section class=\"elementor-section elementor-inner-section elementor-element elementor-element-9412b80 elementor-section-full_width elementor-section-height-default elementor-section-height-default\" data-id=\"9412b80\" data-element_type=\"section\" data-e-type=\"section\">\n\t\t\t\t\t\t<div class=\"elementor-container elementor-column-gap-default\">\n\t\t\t\t\t<div class=\"elementor-column elementor-col-100 elementor-inner-column elementor-element elementor-element-fc1a2fe\" data-id=\"fc1a2fe\" data-element_type=\"column\" data-e-type=\"column\">\n\t\t\t<div class=\"elementor-widget-wrap\">\n\t\t\t\t\t\t\t<\/div>\n\t\t<\/div>\n\t\t\t\t\t<\/div>\n\t\t<\/section>\n\t\t\t\t\t<\/div>\n\t\t<\/div>\n\t\t\t\t\t<\/div>\n\t\t<\/section>\n\t\t\t\t<section class=\"elementor-section elementor-top-section elementor-element elementor-element-e6491ea elementor-section-boxed elementor-section-height-default elementor-section-height-default\" data-id=\"e6491ea\" data-element_type=\"section\" data-e-type=\"section\">\n\t\t\t\t\t\t\t<div class=\"elementor-background-overlay\"><\/div>\n\t\t\t\t\t\t\t<div class=\"elementor-container elementor-column-gap-default\">\n\t\t\t\t\t<div class=\"elementor-column elementor-col-100 elementor-top-column elementor-element elementor-element-da8a617\" data-id=\"da8a617\" data-element_type=\"column\" data-e-type=\"column\">\n\t\t\t<div class=\"elementor-widget-wrap elementor-element-populated\">\n\t\t\t\t\t\t<div class=\"elementor-element elementor-element-9fbdc8e elementor-widget elementor-widget-heading\" data-id=\"9fbdc8e\" data-element_type=\"widget\" data-e-type=\"widget\" data-widget_type=\"heading.default\">\n\t\t\t\t<div class=\"elementor-widget-container\">\n\t\t\t\t\t<h2 class=\"elementor-heading-title elementor-size-large\">Cookie-Erkl\u00e4rung<\/h2>\t\t\t\t<\/div>\n\t\t\t\t<\/div>\n\t\t\t\t<div class=\"elementor-element elementor-element-5b722bf elementor-widget elementor-widget-text-editor\" data-id=\"5b722bf\" data-element_type=\"widget\" data-e-type=\"widget\" data-widget_type=\"text-editor.default\">\n\t\t\t\t<div class=\"elementor-widget-container\">\n\t\t\t\t\t\t\t\t\t<p>Wir verwenden Cookies auf unserer Website, um Ihnen die bestm\u00f6gliche Erfahrung zu bieten. Cookies sind kleine Textdateien, die von Ihrem Browser auf Ihrem Ger\u00e4t gespeichert werden, wenn Sie eine Website besuchen. Sie erm\u00f6glichen es uns, Ihre Pr\u00e4ferenzen zu speichern und Ihre Navigation auf unserer Website zu verbessern.<\/p><p>Welche Arten von Cookies verwenden wir?<\/p><ul><li><p>Notwendige Cookies: Diese Cookies sind f\u00fcr den Betrieb unserer Website unbedingt erforderlich und k\u00f6nnen daher nicht deaktiviert werden. Sie speichern Ihre Spracheinstellungen, damit Sie unsere Website in der von Ihnen gew\u00e4hlten Sprache anzeigen k\u00f6nnen.<\/p><\/li><li><p>Analyse-Cookies: Diese Cookies helfen uns, die Leistung unserer Website zu verbessern, indem sie Informationen dar\u00fcber sammeln, wie Besucher unsere Website nutzen. Wir verwenden Google Analytics, um Informationen wie die Anzahl der Besucher, die besuchten Seiten und die durchschnittliche Verweildauer auf unserer Website zu erfassen.<\/p><\/li><li><p>Marketing-Cookies: Diese Cookies werden verwendet, um Ihnen personalisierte Werbung auf unserer Website und anderen Websites anzuzeigen. Sie k\u00f6nnen von Drittanbietern wie Google oder Facebook stammen.<\/p><\/li><\/ul><p>Wie lange werden die Cookies gespeichert?<\/p><ul><li><p>Notwendige Cookies: Diese Cookies bleiben f\u00fcr die Dauer Ihrer Browsersitzung auf Ihrem Ger\u00e4t gespeichert und werden automatisch gel\u00f6scht, wenn Sie Ihren Browser schlie\u00dfen.<\/p><\/li><li><p>Analyse-Cookies: Diese Cookies bleiben f\u00fcr 24 Monate auf Ihrem Ger\u00e4t gespeichert.<\/p><\/li><li><p>Marketing-Cookies: Diese Cookies bleiben f\u00fcr 12 Monate auf Ihrem Ger\u00e4t gespeichert.<\/p><\/li><\/ul><p>Wie k\u00f6nnen Sie Cookies deaktivieren?<\/p><p>Die meisten Browser akzeptieren Cookies automatisch, aber Sie k\u00f6nnen die Einstellungen Ihres Browsers \u00e4ndern, um Cookies abzulehnen oder zu l\u00f6schen. Bitte beachten Sie jedoch, dass das Deaktivieren von Cookies die Funktionalit\u00e4t unserer Website beeintr\u00e4chtigen kann.<\/p><p>Drittanbieter-Cookies:<\/p><p>Bitte beachten Sie, dass Drittanbieter wie Google oder Facebook m\u00f6glicherweise Cookies auf unserer Website platzieren, um personalisierte Werbung anzuzeigen. Bitte besuchen Sie die Datenschutzerkl\u00e4rungen dieser Unternehmen, um weitere Informationen zu erhalten und um zu erfahren, wie Sie die Verwendung von Cookies auf deren Websites deaktivieren k\u00f6nnen.<\/p>\t\t\t\t\t\t\t\t<\/div>\n\t\t\t\t<\/div>\n\t\t\t\t\t<\/div>\n\t\t<\/div>\n\t\t\t\t\t<\/div>\n\t\t<\/section>\n\t\t\t\t<section class=\"elementor-section elementor-top-section elementor-element elementor-element-45bdbc8 elementor-section-full_width elementor-section-height-default elementor-section-height-default\" data-id=\"45bdbc8\" data-element_type=\"section\" data-e-type=\"section\">\n\t\t\t\t\t\t<div class=\"elementor-container elementor-column-gap-default\">\n\t\t\t\t\t<div class=\"elementor-column elementor-col-100 elementor-top-column elementor-element elementor-element-da7c12c\" data-id=\"da7c12c\" data-element_type=\"column\" data-e-type=\"column\">\n\t\t\t<div class=\"elementor-widget-wrap elementor-element-populated\">\n\t\t\t\t\t\t<div class=\"elementor-element elementor-element-a1eb03e elementor-widget elementor-widget-google_maps\" data-id=\"a1eb03e\" data-element_type=\"widget\" data-e-type=\"widget\" data-widget_type=\"google_maps.default\">\n\t\t\t\t<div class=\"elementor-widget-container\">\n\t\t\t\t\t\t\t<div class=\"elementor-custom-embed\">\n\t\t\t<iframe loading=\"lazy\"\n\t\t\t\t\tsrc=\"https:\/\/maps.google.com\/maps?q=52349%20D%C3%BCren&#038;t=m&#038;z=14&#038;output=embed&#038;iwloc=near\"\n\t\t\t\t\ttitle=\"52349 D\u00fcren\"\n\t\t\t\t\taria-label=\"52349 D\u00fcren\"\n\t\t\t><\/iframe>\n\t\t<\/div>\n\t\t\t\t\t\t<\/div>\n\t\t\t\t<\/div>\n\t\t\t\t\t<\/div>\n\t\t<\/div>\n\t\t\t\t\t<\/div>\n\t\t<\/section>\n\t\t\t\t<section class=\"elementor-section elementor-top-section elementor-element elementor-element-2e0e7c35 elementor-section-full_width elementor-section-content-top elementor-section-height-default elementor-section-height-default\" data-id=\"2e0e7c35\" data-element_type=\"section\" data-e-type=\"section\" data-settings=\"{&quot;background_background&quot;:&quot;classic&quot;}\">\n\t\t\t\t\t\t<div class=\"elementor-container elementor-column-gap-default\">\n\t\t\t\t\t<div class=\"elementor-column elementor-col-25 elementor-top-column elementor-element elementor-element-53b69bea\" data-id=\"53b69bea\" data-element_type=\"column\" data-e-type=\"column\">\n\t\t\t<div class=\"elementor-widget-wrap elementor-element-populated\">\n\t\t\t\t\t\t<div class=\"elementor-element elementor-element-61440f19 elementor-widget elementor-widget-image\" data-id=\"61440f19\" data-element_type=\"widget\" data-e-type=\"widget\" data-widget_type=\"image.default\">\n\t\t\t\t<div class=\"elementor-widget-container\">\n\t\t\t\t\t\t\t\t\t\t\t\t\t\t\t\t<a href=\"https:\/\/xn--felixboitz-entrmpelung-6lc.de\/\">\n\t\t\t\t\t\t\t<img decoding=\"async\" width=\"150\" height=\"150\" src=\"https:\/\/xn--felixboitz-entrmpelung-6lc.de\/wp-content\/uploads\/2023\/03\/LOGO-ffffff-150x150.png\" class=\"attachment-thumbnail size-thumbnail wp-image-212\" alt=\"\" srcset=\"https:\/\/xn--felixboitz-entrmpelung-6lc.de\/wp-content\/uploads\/2023\/03\/LOGO-ffffff-150x150.png 150w, https:\/\/xn--felixboitz-entrmpelung-6lc.de\/wp-content\/uploads\/2023\/03\/LOGO-ffffff-300x300.png 300w, https:\/\/xn--felixboitz-entrmpelung-6lc.de\/wp-content\/uploads\/2023\/03\/elementor\/thumbs\/LOGO-ffffff-q393ts6vmwota3zpueck4k88m3wzufput4k22qconk.png 200w, https:\/\/xn--felixboitz-entrmpelung-6lc.de\/wp-content\/uploads\/2023\/03\/elementor\/thumbs\/LOGO-ffffff-q393ts6tkcqvji4dc8vkj870umr84g94t2r9mcjelo.png 30w, https:\/\/xn--felixboitz-entrmpelung-6lc.de\/wp-content\/uploads\/2023\/03\/elementor\/thumbs\/LOGO-ffffff-q393ts6tt4i5v3r4811syfyp23ljusw9zfoaummulw.png 50w, https:\/\/xn--felixboitz-entrmpelung-6lc.de\/wp-content\/uploads\/2023\/03\/LOGO-ffffff.png 500w\" sizes=\"(max-width: 150px) 100vw, 150px\" \/>\t\t\t\t\t\t\t\t<\/a>\n\t\t\t\t\t\t\t\t\t\t\t\t\t\t\t<\/div>\n\t\t\t\t<\/div>\n\t\t\t\t\t<\/div>\n\t\t<\/div>\n\t\t\t\t<div class=\"elementor-column elementor-col-25 elementor-top-column elementor-element elementor-element-12c6212e\" data-id=\"12c6212e\" data-element_type=\"column\" data-e-type=\"column\">\n\t\t\t<div class=\"elementor-widget-wrap elementor-element-populated\">\n\t\t\t\t\t\t<div class=\"elementor-element elementor-element-6db10983 elementor-widget elementor-widget-text-editor\" data-id=\"6db10983\" data-element_type=\"widget\" data-e-type=\"widget\" data-widget_type=\"text-editor.default\">\n\t\t\t\t<div class=\"elementor-widget-container\">\n\t\t\t\t\t\t\t\t\t<p>Unser Service<\/p>\t\t\t\t\t\t\t\t<\/div>\n\t\t\t\t<\/div>\n\t\t\t\t<div class=\"elementor-element elementor-element-4e3de815 elementor-widget elementor-widget-text-editor\" data-id=\"4e3de815\" data-element_type=\"widget\" data-e-type=\"widget\" data-widget_type=\"text-editor.default\">\n\t\t\t\t<div class=\"elementor-widget-container\">\n\t\t\t\t\t\t\t\t\t<p>Wohnungsaufl\u00f6sung<\/p><p>Haushaltsaufl\u00f6sung<\/p><p>Entr\u00fcmpelung<\/p><p>Keller- und Dachbodenr\u00e4umung<\/p><p>Entsorgung von Sperrm\u00fcll<\/p><p>Tatortreinigung<\/p><p>Leichenfundortreinigung<\/p><p>\u00a0<\/p>\t\t\t\t\t\t\t\t<\/div>\n\t\t\t\t<\/div>\n\t\t\t\t\t<\/div>\n\t\t<\/div>\n\t\t\t\t<div class=\"elementor-column elementor-col-25 elementor-top-column elementor-element elementor-element-3035b169\" data-id=\"3035b169\" data-element_type=\"column\" data-e-type=\"column\">\n\t\t\t<div class=\"elementor-widget-wrap elementor-element-populated\">\n\t\t\t\t\t\t<div class=\"elementor-element elementor-element-7aaa5a22 elementor-widget elementor-widget-text-editor\" data-id=\"7aaa5a22\" data-element_type=\"widget\" data-e-type=\"widget\" data-widget_type=\"text-editor.default\">\n\t\t\t\t<div class=\"elementor-widget-container\">\n\t\t\t\t\t\t\t\t\t<p>Kontakt<\/p>\t\t\t\t\t\t\t\t<\/div>\n\t\t\t\t<\/div>\n\t\t\t\t<div class=\"elementor-element elementor-element-2b573e9 elementor-icon-list--layout-traditional elementor-list-item-link-full_width elementor-widget elementor-widget-icon-list\" data-id=\"2b573e9\" data-element_type=\"widget\" data-e-type=\"widget\" data-widget_type=\"icon-list.default\">\n\t\t\t\t<div class=\"elementor-widget-container\">\n\t\t\t\t\t\t\t<ul class=\"elementor-icon-list-items\">\n\t\t\t\t\t\t\t<li class=\"elementor-icon-list-item\">\n\t\t\t\t\t\t\t\t\t\t\t<span class=\"elementor-icon-list-icon\">\n\t\t\t\t\t\t\t<i aria-hidden=\"true\" class=\"fas fa-phone\"><\/i>\t\t\t\t\t\t<\/span>\n\t\t\t\t\t\t\t\t\t\t<span class=\"elementor-icon-list-text\">+49 1578 2323766<\/span>\n\t\t\t\t\t\t\t\t\t<\/li>\n\t\t\t\t\t\t\t\t<li class=\"elementor-icon-list-item\">\n\t\t\t\t\t\t\t\t\t\t\t<span class=\"elementor-icon-list-icon\">\n\t\t\t\t\t\t\t<i aria-hidden=\"true\" class=\"fas fa-envelope\"><\/i>\t\t\t\t\t\t<\/span>\n\t\t\t\t\t\t\t\t\t\t<span class=\"elementor-icon-list-text\">info@felixboitz-entr\u00fcmpelung.de<\/span>\n\t\t\t\t\t\t\t\t\t<\/li>\n\t\t\t\t\t\t\t\t<li class=\"elementor-icon-list-item\">\n\t\t\t\t\t\t\t\t\t\t\t<span class=\"elementor-icon-list-icon\">\n\t\t\t\t\t\t\t<i aria-hidden=\"true\" class=\"fas fa-map-marker-alt\"><\/i>\t\t\t\t\t\t<\/span>\n\t\t\t\t\t\t\t\t\t\t<span class=\"elementor-icon-list-text\">52349 D\u00fcren<\/span>\n\t\t\t\t\t\t\t\t\t<\/li>\n\t\t\t\t\t\t<\/ul>\n\t\t\t\t\t\t<\/div>\n\t\t\t\t<\/div>\n\t\t\t\t\t<\/div>\n\t\t<\/div>\n\t\t\t\t<div class=\"elementor-column elementor-col-25 elementor-top-column elementor-element elementor-element-451004be\" data-id=\"451004be\" data-element_type=\"column\" data-e-type=\"column\">\n\t\t\t<div class=\"elementor-widget-wrap elementor-element-populated\">\n\t\t\t\t\t\t<div class=\"elementor-element elementor-element-5efb4991 elementor-widget elementor-widget-text-editor\" data-id=\"5efb4991\" data-element_type=\"widget\" data-e-type=\"widget\" data-widget_type=\"text-editor.default\">\n\t\t\t\t<div class=\"elementor-widget-container\">\n\t\t\t\t\t\t\t\t\t<p>Sonstiges<\/p>\t\t\t\t\t\t\t\t<\/div>\n\t\t\t\t<\/div>\n\t\t\t\t<div class=\"elementor-element elementor-element-122fc665 elementor-widget elementor-widget-text-editor\" data-id=\"122fc665\" data-element_type=\"widget\" data-e-type=\"widget\" data-widget_type=\"text-editor.default\">\n\t\t\t\t<div class=\"elementor-widget-container\">\n\t\t\t\t\t\t\t\t\t<p><a href=\"https:\/\/xn--felixboitz-entrmpelung-6lc.de\/?page_id=318\">Datenschutz<\/a><\/p><p><a href=\"https:\/\/xn--felixboitz-entrmpelung-6lc.de\/?page_id=300\">Impressum<\/a><\/p><p><a href=\"https:\/\/xn--felixboitz-entrmpelung-6lc.de\/?page_id=321\">Cookies<\/a><\/p>\t\t\t\t\t\t\t\t<\/div>\n\t\t\t\t<\/div>\n\t\t\t\t\t<\/div>\n\t\t<\/div>\n\t\t\t\t\t<\/div>\n\t\t<\/section>\n\t\t\t\t<\/div>\n\t\t","protected":false},"excerpt":{"rendered":"<p>+49 1578 2323766 info@felixboitz-entr\u00fcmpelung.de 52399 D\u00fcren Cookies Cookie-Erkl\u00e4rung Wir verwenden Cookies auf unserer Website, um Ihnen die bestm\u00f6gliche Erfahrung zu bieten. Cookies sind kleine Textdateien, die von Ihrem Browser auf Ihrem Ger\u00e4t gespeichert werden, wenn Sie eine Website besuchen. Sie erm\u00f6glichen es uns, Ihre Pr\u00e4ferenzen zu speichern und Ihre Navigation auf unserer Website zu verbessern. [&hellip;]<\/p>\n","protected":false},"author":1,"featured_media":0,"parent":0,"menu_order":0,"comment_status":"closed","ping_status":"closed","template":"","meta":{"ocean_post_layout":"full-screen","ocean_both_sidebars_style":"","ocean_both_sidebars_content_width":0,"ocean_both_sidebars_sidebars_width":0,"ocean_sidebar":"0","ocean_second_sidebar":"0","ocean_disable_margins":"on","ocean_add_body_class":"","ocean_shortcode_before_top_bar":"","ocean_shortcode_after_top_bar":"","ocean_shortcode_before_header":"","ocean_shortcode_after_header":"","ocean_has_shortcode":"","ocean_shortcode_after_title":"","ocean_shortcode_before_footer_widgets":"","ocean_shortcode_after_footer_widgets":"","ocean_shortcode_before_footer_bottom":"","ocean_shortcode_after_footer_bottom":"","ocean_display_top_bar":"off","ocean_display_header":"off","ocean_header_style":"","ocean_center_header_left_menu":"0","ocean_custom_header_template":"0","ocean_custom_logo":0,"ocean_custom_retina_logo":0,"ocean_custom_logo_max_width":0,"ocean_custom_logo_tablet_max_width":0,"ocean_custom_logo_mobile_max_width":0,"ocean_custom_logo_max_height":0,"ocean_custom_logo_tablet_max_height":0,"ocean_custom_logo_mobile_max_height":0,"ocean_header_custom_menu":"0","ocean_menu_typo_font_family":"0","ocean_menu_typo_font_subset":"","ocean_menu_typo_font_size":0,"ocean_menu_typo_font_size_tablet":0,"ocean_menu_typo_font_size_mobile":0,"ocean_menu_typo_font_size_unit":"px","ocean_menu_typo_font_weight":"","ocean_menu_typo_font_weight_tablet":"","ocean_menu_typo_font_weight_mobile":"","ocean_menu_typo_transform":"","ocean_menu_typo_transform_tablet":"","ocean_menu_typo_transform_mobile":"","ocean_menu_typo_line_height":0,"ocean_menu_typo_line_height_tablet":0,"ocean_menu_typo_line_height_mobile":0,"ocean_menu_typo_line_height_unit":"","ocean_menu_typo_spacing":0,"ocean_menu_typo_spacing_tablet":0,"ocean_menu_typo_spacing_mobile":0,"ocean_menu_typo_spacing_unit":"","ocean_menu_link_color":"","ocean_menu_link_color_hover":"","ocean_menu_link_color_active":"","ocean_menu_link_background":"","ocean_menu_link_hover_background":"","ocean_menu_link_active_background":"","ocean_menu_social_links_bg":"","ocean_menu_social_hover_links_bg":"","ocean_menu_social_links_color":"","ocean_menu_social_hover_links_color":"","ocean_disable_title":"on","ocean_disable_heading":"default","ocean_post_title":"","ocean_post_subheading":"","ocean_post_title_style":"","ocean_post_title_background_color":"","ocean_post_title_background":0,"ocean_post_title_bg_image_position":"","ocean_post_title_bg_image_attachment":"","ocean_post_title_bg_image_repeat":"","ocean_post_title_bg_image_size":"","ocean_post_title_height":0,"ocean_post_title_bg_overlay":0.5,"ocean_post_title_bg_overlay_color":"","ocean_disable_breadcrumbs":"off","ocean_breadcrumbs_color":"","ocean_breadcrumbs_separator_color":"","ocean_breadcrumbs_links_color":"","ocean_breadcrumbs_links_hover_color":"","ocean_display_footer_widgets":"off","ocean_display_footer_bottom":"off","ocean_custom_footer_template":"0","footnotes":""},"class_list":["post-321","page","type-page","status-publish","hentry","entry"],"_links":{"self":[{"href":"https:\/\/xn--felixboitz-entrmpelung-6lc.de\/index.php?rest_route=\/wp\/v2\/pages\/321","targetHints":{"allow":["GET"]}}],"collection":[{"href":"https:\/\/xn--felixboitz-entrmpelung-6lc.de\/index.php?rest_route=\/wp\/v2\/pages"}],"about":[{"href":"https:\/\/xn--felixboitz-entrmpelung-6lc.de\/index.php?rest_route=\/wp\/v2\/types\/page"}],"author":[{"embeddable":true,"href":"https:\/\/xn--felixboitz-entrmpelung-6lc.de\/index.php?rest_route=\/wp\/v2\/users\/1"}],"replies":[{"embeddable":true,"href":"https:\/\/xn--felixboitz-entrmpelung-6lc.de\/index.php?rest_route=%2Fwp%2Fv2%2Fcomments&post=321"}],"version-history":[{"count":25,"href":"https:\/\/xn--felixboitz-entrmpelung-6lc.de\/index.php?rest_route=\/wp\/v2\/pages\/321\/revisions"}],"predecessor-version":[{"id":605,"href":"https:\/\/xn--felixboitz-entrmpelung-6lc.de\/index.php?rest_route=\/wp\/v2\/pages\/321\/revisions\/605"}],"wp:attachment":[{"href":"https:\/\/xn--felixboitz-entrmpelung-6lc.de\/index.php?rest_route=%2Fwp%2Fv2%2Fmedia&parent=321"}],"curies":[{"name":"wp","href":"https:\/\/api.w.org\/{rel}","templated":true}]}}